uppose m + w = -3*w - y, m - 5 = 2*w. Calculate o(m).
2
Let c(m) = 3*m**2 - 6*m - 2. Let p(v) be the second derivative of v**4/6 - 5*v**3/6 - v**2/2 - 34*v. Let y(i) = -3*c(i) + 4*p(i). Give y(3).
-13
Let h(o) = -4*o**2 - 116*o + 1. Let q be h(-29). Let y(r) = -4*r**2 - 2*r + 1. Calculate y(q).
-5
Suppose 5*h - 11 + 31 = 0. Let k(g) = g**2 + 13*g + 6. Let p(y) = -y**2 - 12*y - 6. Let z(u) = -5*k(u) - 6*p(u). Calculate z(h).
-6
Let i(j) = 0*j**2 - 623 - 2*j - j**2 + 332 + 3*j + 293. Suppose -3*t = t - 16. Calculate i(t).
-10
Let f(n) = -n**2 - 4*n + 3. Let x be -11 - 0 - (9 - 5). Let u be 26/(-6) - (-10)/x. What is f(u)?
-2
Let c(d) = -d - 7*d**2 + d - 1. Let n = -10 - -9. Let l(u) = -u**2. Let p(y) = n*c(y) + 4*l(y). Determine p(-1).
4
Let g(z) = z. Let l(i) be the first derivative of -7*i**2/2 + i + 2. Let v(s) = -6*g(s) - l(s). What is v(2)?
1
Let i(l) be the second derivative of l**3/6 - 13*l**2/2 - 2*l. Suppose -4*r + 174 = 2*r. Suppose -z - z - 26 = -4*n, 5*z = 4*n - r. Determine i(n).
-7
Let q = -4 + 3. Let w(i) = i**3 - 10*i**2 - 4*i + 12. Let d(b) = -b**2 + b + 1. Let n be 26/6 - (-31)/(-93). Let u(a) = n*d(a) + q*w(a). Calculate u(7).
-1
Let s(r) be the first derivative of 1/8*r**4 - 1/60*r**5 + 0*r - 3*r**2 + 1/3*r**3 - 9. Let w(a) be the second derivative of s(a). What is w(3)?
2
Let p(v) = v**2 + 4*v - 4. Let n(d) = -16*d - 117. Let o be n(-7). Determine p(o).
1
Suppose -5*c + 4*x = 35, 0 = 5*c - 3*x - 5 + 35. Let z(k) = k**2 - 5*k - 2. Let b(o) = -2*o**2 + 10*o + 3. Let m(a) = c*b(a) - 5*z(a). Calculate m(6).
7
Let h = 313 + -308. Let v(f) = -f**3 + 3*f**2 + 8*f + 6. Give v(h).
-4
Let x(j) be the second derivative of 4*j + 1/4*j**4 - 1/3*j**3 - j**2 + 0. Let k = -9 + 11. Determine x(k).
6
Let q(s) = -6*s**2 + 2*s - 1. Suppose -3*n = -2*z + 12, z + 20 = -4*n - n. Suppose -2*r + z = -36. Suppose -i - v - 4 = 0, r = 4*i - 3*v - 1. Calculate q(i).
-5
Let j(d) = -831*d + 404*d + 1 + 417*d. Determine j(1).
-9
Suppose -31 = 3*i - 28. Let n(w) = -6*w**2 - w. What is n(i)?
-5
Suppose -36*y + 144 = -36. Let c(f) = -6*f + 14. Calculate c(y).
-16
Let a = -30 + 36. Let t(j) = -a*j**2 + 101*j - 2 + 3*j**2 - 51*j - 54*j. Give t(-2).
-6
Let o(j) = j**3 + 4*j**2 + 3*j + 1. Let u = -11 - -8. Let v be o(u). Suppose -19 = -4*i + v. Let l(r) = -r**2 + 5*r + 3. Determine l(i).
3
Suppose 4*d - 8 = 8*d. Let j(v) = -v**2 - 8*v - 5. Let z(n) = -5*n**2 - 33*n - 21. Let t(u) = d*z(u) + 9*j(u). Give t(6).
-3
Let p(u) = 8 + 6*u**2 - 5*u**2 - 3 + 5*u + 2. Give p(-5).
7
Let f = 70 + -68. Let j(g) = -3 + 3*g**3 - 2*g**3 - 2*g**3 - g**2 + 2*g**f. Let a(y) = -y**3 - 3*y**2 - 3*y - 2. Let s be a(-2). Calculate j(s).
-3
Suppose 5*f = 1 + 9. Let g(k) = -480*k**2 - k**3 + 481*k**f + 2*k**3 + k - 2. Give g(0).
-2
Let z(p) = -8*p - 1. Let c be (2/(-4))/(3/12). Calculate z(c).
15
Let z(g) = 5*g**3 + 13*g**2 - 9*g + 9. Let h(v) = 14*v**3 + 38*v**2 - 27*v + 26. Let n(a) = -4*h(a) + 11*z(a). Calculate n(-10).
5
Let r(b) = -b**2 + 12*b - 16. Let k be -7 - (-1)/(3/54). Give r(k).
-5
Let i(u) = -13*u - 6. Let t(p) = 29*p + 12. Let c(b) = -9*i(b) - 4*t(b). Suppose 0 = -v - 0 - 5. Determine c(v).
1
Suppose v - 5*i = 62 - 59, v = -5*i - 7. Let t(k) = -k - 6. What is t(v)?
-4
Suppose -d = 3*z - 3, -3*d + 2*z - 39 = -z. Let q(u) = u**2 + 10*u + 11. Give q(d).
2
Let j(g) be the second derivative of -g**4/6 + 20*g**3/3 + 18*g**2 + 8*g. Let u be j(21). Let x(d) = d**3 + 7*d**2 + 6*d + 2. What is x(u)?
2
Let x(b) = -3*b**2 + 5*b + 1. Let h be x(-2). Let u = h + 23. Let t(i) = -i**3 + u*i - i**2 + 3*i**2 - 1 - i**2 + 0. Determine t(3).
-13
Let y(d) = d**2 + 4*d + 6. Let p be y(-4). Let n(m) be the first derivative of -m**2/2 - m - 29. Determine n(p).
-7
Let n(g) = -g**2 - g + 9. Let q be (-2)/(-4) - (-2175)/50. Let s = -44 + q. Calculate n(s).
9
Let v be (0 - (-1 - -5)) + 0. Let h(j) = -2 + 0 - 4 + 2 + 2*j. What is h(v)?
-12
Let n = 225 - 217. Let h(m) = m**3 - 9*m**2 + 9*m - 13. Calculate h(n).
-5
Let j(c) = -9*c**3 + 10*c - 2. Let p(d) = 11*d**3 - d**2 - 11*d + 2. Let v(w) = 6*j(w) + 5*p(w). What is v(4)?
2
Let g be ((-6)/(-12)*-1*1)/(-2). Let n(q) be the third derivative of -q**2 - g*q**4 - 2/3*q**3 + 0*q - 1/60*q**5 + 0. Calculate n(-6).
-4
Let a(b) = b - 4. Let x(v) = -v**3 - 7*v**2 - 7*v - 2. Let u be x(-6). Suppose 0 = -f - 2*f - 5*n + 29, -4*f = -u*n + 4. Give a(f).
-1
Let b(x) be the second derivative of x**3 - 7*x**2/2 + x. Suppose 37*c - 150 = 7*c. Calculate b(c).
23
Let h(w) = 2*w**3 - 5*w**2 + 4*w - 5. Let y be h(2). Let z be (2 + -2)/(-3)*y. Let j(b) = -6 - 5*b**2 + 4*b**2 + 5 + b. Give j(z).
-1
Let g(f) = -f**2 - 2*f + f + 3*f - f. Let h(d) = 3*d**3 - 3*d**2 + d - 2. Let x be h(2). Let y = 14 - x. Determine g(y).
-2
Suppose 2*b = 8 - 2. Let g = b + -3. Suppose 2*a - 6 + 8 = g. Let u(c) = c + 1. Determine u(a).
0
Let l(r) = 7*r - 6 - 7*r + 5 + 6*r. What is l(3)?
17
Suppose -9*f - 8 = 2*v - 13*f, -f + 2 = 4*v. Let x(i) = -i + 22. Calculate x(v).
22
Let d = 40 - 39. Suppose 0*k + k = -4*p + 12, 0 = -3*p + 4*k - 10. Let w(h) = d - 2*h + 2 - p + 3*h. Determine w(1).
2
Let z = -26 + 16. Let n(m) = -2*m**3 - 20*m**2 - 5. What is n(z)?
-5
Let d = -1750 - -1750. Let w(o) = o**3 - o**2 - o + 5. Determine w(d).
5
Let w(t) be the third derivative of t**3 + 0*t + 0 - 1/24*t**4 + 6*t**2. Suppose -f = -4*q + f + 24, 0 = 2*q + 2*f - 6. Calculate w(q).
1
Let o(p) = p**3 + 9*p**2 + 7*p + 6. Let h = 409 + -417. Give o(h).
14
Let g be ((-6)/(-2))/3*5. Suppose -7 - 3 = -g*n. Let c(w) = 4*w - 5. Let o be c(n). Let v(j) = -4*j + 4. Calculate v(o).
-8
Let w(u) be the third derivative of -u**8/6720 - u**7/2520 + u**6/360 + u**4/8 + 20*u**2. Let j(i) be the second derivative of w(i). Calculate j(-2).
0
Let x(s) = -16*s**2 + 2*s + 1. Suppose 0*d - 800 = 8*d. Let z = -101 - d. Give x(z).
-17
Suppose -2*r + 3*r - 14 = -2*p, 0 = 5*p + r - 35. Let c(w) = -w - 4. Calculate c(p).
-11
Suppose -3*s - 2 - 2 = -2*f, -s - f = 8. Suppose 5*u - 8 = u. Let a(l) = 0*l**u - 2 + 5 + 5*l + l**2. Determine a(s).
-1
Let c = 225 - 105. Let q = c + -3. Let j(k) = q + 0*k - 107 - k. Calculate j(0).
10
Let r(v) be the second derivative of -1/20*v**5 + 1/3*v**3 + 0 + 8*v + v**2 - 1/4*v**4. Give r(-3).
-4
Let c be (-1 + 0)*(37 + 0). Let l = 29 - -4. Let y = l + c. Let r(z) = -z**3 - 4*z**2 + 3*z + 4. Determine r(y).
-8
Let x(d) be the third derivative of -d**5/60 - 5*d**4/24 + d**3/6 - 5*d**2 + 16. Suppose 2*m = 3*f + 7, 5*m + 40 = -4*f - 0*f. Calculate x(m).
5
Let g(s) = -80*s + s**2 + 77*s + s**2. Determine g(4).
20
Suppose -50 - 10 = -12*w. Let h(j) = j**2 - 6*j + 1. What is h(w)?
-4
Suppose 0*i = 2*i - 20. Let d = i + -10. Let o(h) = -2*h**2 + d*h**3 - h**3 - h - 3 + 4. Calculate o(-2).
3
Let y(f) = -3*f**3 - 2*f**2 + f + 2. Let s be (0 + (-10)/(-4))*156/(-195). Calculate y(s).
16
Let j = 3 - -2. Suppose -2 = o - j. Let m(s) = 2*s + 0*s - s**3 + o - 8*s**2 + 5*s**2. Determine m(-3).
-3
Let n = 742 - 748. Let u(w) = -2*w**2 - 21*w - 9. Let p(t) = t**2 + 11*t + 4. Let b(j) = -5*p(j) - 3*u(j). Calculate b(n).
-5
Let f(a) be the third derivative of a**6/120 - a**5/10 - a**4/6 + a**3/3 + 4*a**2 + 3*a. Give f(7).
23
Suppose -2*d = -3*w - 6*d - 20, 3*w + 25 = -5*d. Let r(s) = s**3 - s**2 - s + 5. Give r(w).
5
Let s(k) = k**2 - 23*k. Let f be s(23). Let a(g) = -7 - 2*g + f*g + 9. Calculate a(-3).
8
Let i(o) = -22*o**3 + 6*o**2 + o**2 + 12 + 23*o**3 + o - 8*o**2. What is i(0)?
12
Let y(o) = -3*o - o**2 + 0*o + 3 - 7*o + 2*o. Let m be y(-8). Let r(j) = 2 - 2*j + 2*j + 623*j**2 - 626*j**2 + j**3. Calculate r(m).
2
Let j(b) be the second derivative of -b**7/1260 - 7*b**6/720 - b**5/24 + 13*b**4/12 - 12*b. Let f(v) be the third derivative of j(v). What is f(-4)?
-9
Let w(g) = -g**2 - g + 12. Let f be -4*(27/(-6) - -4). Suppose d - 2 = -f. Give w(d).
12
Let j(k) be the first derivative of -2*k**3/3 - k**2 - 3*k + 68. Determine j(-3).
-15
Suppose -6*g + 15 + 15 = 0. Suppose 0 = -7*h + 3*h + g*y + 33, -2*y = 2. Let c(o) = 0*o - 1 + 2*o + 2*o - 5*o. What is c(h)?
-8
Suppose 4*x = -g + 6*g + 10, -2*x = 4*g + 34. Let q(z) = -z**2 - 5*z - 7. Determine q(g).
-13
Let l(f) = -13*f + 11. Let z(p) = p - 1. Let s(u) = 2*l(u) + 22*z(u). Let w be s(1). Let g be w/16 - 75/(-12). Let j(b) = -b**3 + 5*b**2 + 3*b + 7. Give j(g).
-11
Let p(b) = b**